+ 0 + o*g + g**3. Calculate z(5).
-9
Let n(s) = -4*s + 6*s + 1 + 0. Give n(-5).
-9
Let d(m) be the second derivative of m**5/20 + m**4/3 - m**3/6 - 2*m**2 - m. Let r(f) = -f - 4*f - 4 - 5*f + f**2 + 0. Let a be r(10). Calculate d(a).
0
Let l be -12*(1 - 10/8). Let w(v) = v + 0*v**2 - 36*v**l - 2*v**2 + 33*v**3. Calculate w(1).
-4
Let s = 9 - 10. Let z(t) = -3*t**2 - 1. What is z(s)?
-4
Let f(q) be the second derivative of -2*q + 1/12*q**4 + 0*q**2 - 2/3*q**3 + 0. Let k be (2 - -1) + 2 + -1. Determine f(k).
0
Let l(j) = j**3 + 5*j**2 + j - 1. Suppose -r + 6*n + 7 = 3*n, r - n - 1 = 0. Let m = -2 + r. Let a = -6 - m. Calculate l(a).
9
Suppose -4*h = 3*v - 61 + 3, -5*v + 5*h + 50 = 0. Suppose -2*a - 12 = -v. Let n(o) = -13*o**2 - o + 1. Determine n(a).
-13
Let h(j) = -j**3 - 3*j**2 + j - 4. Let a = 4 + 0. Suppose 4*v + 2*p = -3*p - 32, 4*v - 2*p = -a. Determine h(v).
-7
Let l(w) = -w**2 + 5*w - 6. Let q be l(3). Let y(c) = -c + 2. Determine y(q).
2
Let q be 2*(-5)/(-4)*2. Let h(i) = -i**3 + 6*i**2 - 4*i - 3. What is h(q)?
2
Let k(g) = g. Let s = 47 + -46. Calculate k(s).
1
Let q(m) = 6*m**3 + m**2. Suppose 2*c + c = 24. Let z = c + -14. Let s(w) = -w**3 - 6*w**2 + 1. Let t be s(z). Determine q(t).
7
Let h = 1 + -3. Let y(o) = -2*o**2 - o. Let q be y(h). Let k(b) = -b**2 - 7*b - 6. Determine k(q).
0
Let i(d) be the second derivative of d**4/12 + 7*d**3/6 - d**2/2 + 20*d - 2. What is i(-5)?
-11
Let y(s) be the third derivative of s**8/20160 + s**7/5040 - s**6/144 - s**5/10 - 3*s**2. Let n(b) be the third derivative of y(b). What is n(0)?
-5
Let v be 13 - 1/(-2)*-2. Suppose 3*w + 0 = -v. Let b(r) = -2*r + 6*r + 3 + 2. Calculate b(w).
-11
Let t(i) = i - 1. Suppose -87 = p - 94. What is t(p)?
6
Let s(a) = -4*a - 4. Let y(z) be the third derivative of -z**4/24 - z**3/6 - 2*z**2. Let r(f) = -s(f) + 5*y(f). Determine r(-4).
3
Let t = 6 + -10. Let n(o) be the second derivative of o**4/12 + o**3/3 - 3*o**2/2 - 6*o. Let h(a) be the first derivative of n(a). Give h(t).
-6
Let j(s) = -3 - 9*s + 1 + 418*s**2 - 427*s**2 - s**3. Calculate j(-8).
6
Let t(f) = -3*f + 7 + 0*f + 2*f**3 - 4 + 0 + 3*f**2. Let n(u) = -u - 20. Let w be n(-17). Calculate t(w).
-15
Suppose 3*g - 178 = 47. Suppose p + g = 4*p. Suppose 2*m = -0*l - 3*l - p, 10 = -4*l + 2*m. Let q(z) = z**3 + 4*z**2 - 6*z - 1. Give q(l).
4
Let v(p) = p**2 - p + 1. Let a(t) = 4*t**2 - 10*t + 7. Let y(n) = -a(n) + 6*v(n). What is y(-3)?
5
Let y(b) be the second derivative of -b**3/3 + 3*b**2/2 + 2*b. Calculate y(2).
-1
Let p(j) = j**2 - 10*j + 8. Suppose 0 = 4*u - 5*u + 7. Determine p(u).
-13
Let r(n) = n + 2. Let u(k) = k + 4. Let t(v) = -5*r(v) + 3*u(v). Let w(i) = -4*i**2 - i + 1. Let x be w(1). Let z = -6 - x. Give t(z).
6
Suppose 9 = -2*p + 13. Let n(c) = 0 + c**3 + 0*c**3 + 3 + 3*c**p + 0*c**3 + c. What is n(-3)?
0
Let l = 0 + 0. Let a(o) = -1 + l*o - 4 - o. Determine a(-4).
-1
Let r = 11/7 + -257/168. Let l(t) be the third derivative of 0 - r*t**4 + 0*t + t**2 + 1/2*t**3. Calculate l(3).
0
Suppose 13*z - 7 = 6*z. Let o(n) = 13*n**2 - n + 1. Calculate o(z).
13
Let z(n) = -2*n + 7. Let d(l) = -9*l**3 - 3*l**2 + 14*l - 2. Let h(u) = 5*u**3 + u**2 - 7*u + 1. Let g(p) = 6*d(p) + 11*h(p). Let t be g(6). Determine z(t).
-3
Let v(u) be the third derivative of -u**4/6 - u**3/6 + 7*u**2. Calculate v(1).
-5
Suppose 5*s = -x - 21, -2*x - x + 4*s = -32. Let a(f) = 0*f**3 - 4 + 4*f**2 - x*f + 0*f**3 - 2*f**2 + f**3. Determine a(-3).
-1
Let u(r) = -3*r - 10. Suppose 5*f + w + 30 = 0, -w = -0 - 5. Determine u(f).
11
Let j(x) = -x**3 + 5*x**2 - x + 7. Suppose 4*u + f = 15, 3*u - 4*f = 35 - 0. Give j(u).
2
Let m(q) = -2*q - 6*q**2 - 1 - 22*q**2 + 19*q**2. Calculate m(-1).
-8
Let v(h) = h**3 + 7*h**2 + 6*h - 5. Let g(j) = -j + 1. Let m = -49 - -32. Let o = m + 24. Let l be g(o). Calculate v(l).
-5
Let w(d) = 14*d**2 + 9*d + 12. Let j(h) = 5*h**2 + 3*h + 4. Let k(o) = -17*j(o) + 6*w(o). Let q = 11 - 4. Let z = 11 - q. Calculate k(z).
0
Let x(r) = -3*r**3 - r + 2*r**2 + r**3 + 2 + r**2. Suppose -4*g + 0*g + 108 = 0. Let q = g + -25. Calculate x(q).
-4
Let v(u) = -11*u**2 + 2 + 8*u + u**3 - 18*u + 3 - 2*u**3. Give v(-10).
5
Let w(f) = -f + 11. Let q(k) = 3*k. Let y(t) = t. Let j(d) = -6*q(d) + 17*y(d). Let n(l) = 3*j(l) - w(l). Calculate n(-8).
5
Let x(o) = -o**3 - 2 + o**3 - 3*o**2 + o**3. What is x(3)?
-2
Let y be 2*-7 + 3 - 1. Let a be 26/8 - (-3)/y. Let i = a - 6. Let r(l) = -2*l. Calculate r(i).
6
Suppose -4*c = -c - 6. Suppose 3*y - c*y - 3 = 0. Let p(z) = -z**2 + 2*z - 3. Calculate p(y).
-6
Let k(u) = u**3 - 2*u**2 - 5*u - 2. Suppose 4*g = -2*y - y - 108, 4*g + 92 = y. Let m = 6 + g. Let n be (-38)/(-9) + 4/m. What is k(n)?
10
Let f(c) = 6*c**3 + c**2 - 1. Let i(z) = -z**3 - 4*z**2 + 3. Let j be i(-4). Suppose m + 5*s + 15 = -1, -2*m - 11 = j*s. What is f(m)?
-6
Let q(j) = j**2 - 5*j + 4. Let i be q(4). Let d(f) = -f**2 - 1. Let h(c) = -c**2 + 2. Let a(r) = -2*d(r) + h(r). Determine a(i).
4
Let b(f) = -f + 4. Let t(a) = a**2 + 8*a - 23. Let m be t(-10). Give b(m).
7
Let i(w) = w**2 + 2*w + 1. Let v(t) = t. Let a(u) = i(u) + v(u). What is a(-4)?
5
Let b(w) = w**3 + 6*w**2 + 6*w - 1. Let x(i) be the first derivative of -4 - 2*i**3 - 9/2*i**2 + 1/4*i**4 + 9*i. Let m be x(7). Give b(m).
-6
Let k(r) = -r**2 - 5*r - 2. Let d be k(-4). Let q(s) = d - 8*s + 4 + 7*s - 4. Calculate q(3).
-1
Let v(a) = a**2 - a - 4. Let u be v(-2). Let y(z) = 9*z - 2. Calculate y(u).
16
Let p = -1 + 5. Let m(i) = -1 - p*i - i + 4*i + 2*i. Give m(5).
4
Suppose 4*u = -u + 25. Suppose 2*q = -u + 3. Let w(i) = -7*i. Calculate w(q).
7
Let v(b) = b - 1. Let f = 4 - 5. What is v(f)?
-2
Let q(m) = -49 + 15 + m + 13 + 19. Calculate q(3).
1
Let c be (-25 - -5)/(-5) + -2. Let j(z) = 6*z**2 - z + 1. What is j(c)?
23
Let q(f) = -5*f**2 + 3*f + 3. Let k(n) = 4*n**2 - 3*n - 3. Let o(v) = -6*k(v) - 5*q(v). Determine o(-4).
7
Let f(n) = 4 - 3 - n + n**2 - 4*n**2 + 4*n**2. Give f(1).
1
Suppose 0 = -z - 3 + 8. Let h(n) = n - 10. Let w be h(10). Let o(m) = 3*m**2 - 4*m**2 + w - 2 + 4*m. What is o(z)?
-7
Let s(h) = -11*h**3 + h**2 - h + 1. Let i = -28 + 55. Suppose 0 = 4*m - i + 7. Suppose 1 = a + q, 5*a - q + 0 = m. Calculate s(a).
-10
Let r(u) = -2*u + 3. Let j be r(2). Let a(h) = -2*h + h + 1 - 1 - 1. Calculate a(j).
0
Let w(m) be the third derivative of -m**5/30 + m**4/8 + m**3/6 + 18*m**2. What is w(-2)?
-13
Let k(q) = -q**3 + 6*q**2 - 2*q. Suppose -40 = -9*w + w. Determine k(w).
15
Let y(x) = x - 1 + 1 - 1. Let d(s) = 1 + 6*s**2 - 9 - 2*s**3 + s**3 + 2. Let g be d(6). Give y(g).
-7
Let p(h) = h**3 + 7*h**2 + h - 22. Let t be p(-6). Let s(j) = j**2 - 7*j + 2. What is s(t)?
10
Let l(v) = v**2 + 4*v. Let j(r) = 2*r + 5. Suppose -4*y - 15 = 13. Let a be j(y). Let x be 6/a - (-8)/(-6). Calculate l(x).
-4
Let l be (3 - 88/20)/(4/(-20)). Let v(s) = -s**3 + 7*s**2 - s + 10. Determine v(l).
3
Let v(q) = -q**3 + 1. Let b = 0 + 1. What is v(b)?
0
Let q(k) = 4*k**2 - k - 2. Let r be (2 + 0)*(-2)/(-4) - -1. Give q(r).
12
Let r(y) = 9*y - y**2 - 7*y + 0*y**2 + 4. Suppose -3*l - l + 12 = 0. What is r(l)?
1
Suppose 4*f - 7*f = -18. Suppose -3*l + 0*b = 3*b + 24, -2*l + 3*b - f = 0. Let v(z) = z + 1. What is v(l)?
-5
Let y(u) = -u**2 + 5*u + 5. Suppose -m + 11 - 5 = 0. Give y(m).
-1
Let g(s) be the first derivative of s**4/4 + s**2/2 - s - 1. Suppose -15 = -5*p - 5*i - 0*i, 0 = 3*p + 2*i - 7. Determine g(p).
1
Suppose -1 = 4*a - 5*a. Let z(t) = t**2 + t - 1. What is z(a)?
1
Suppose 17 = 5*h - 4*k, -3*h - 3*k - 11 = -5*h. Let r(x) = -3*x + 3*x + 3*x**2 + h. Suppose -3 + 2 = -t. Determine r(t).
4
Let f = -4 + 6. Let l(n) = n + f*n + 3*n - 5 - 7*n. What is l(-5)?
0
Suppose -3*b - 3 = -0*b. Suppose -h = 3*h + 8. Let v = b + h. Let y(t) = 2*t**2 + 4*t. Give y(v).
6
Let b(l) = l**2 + 9*l + 2. Let u be b(-9). Let d(g) = 1 - 2*g - 4*g**2 + 53*g**3 - 54*g**3 - g + 7*g**u. What is d(2)?
-1
Let i(v) = 10*v + 0*v**3 + 2*v**2 - v**3 - 8*v - 2. Calculate i(3).
-5
Suppose 0 = -12*n + 4*n + 40. Let t(m) = m**3 - 5*m**2 + 5. Determine t(n).
5
Suppose -2*k + 6 = 38. Let o be ((-12)/(-7))/(k/(-56)). Let c(p) = -p + 6. Determine c(o).
0
Let w(q) = -3*q + 6. Suppose 5*k + 9 = 44. Suppose 4*y - s - 46 = 0, 5*y - 2*s - 57 = -s. Let l = y - k. Determine w(l).
-6
Let m(q) = 2*q + 3. Suppose 3*x =